-753
Let n(v) = -621*v - 300576. Give n(-484).
-12
Let p(v) = -187889*v + 9394459. Calculate p(50).
9
Let o(u) = 6*u**2 - 602*u + 453. Determine o(100).
253
Let u(y) = -220*y + 10347. Give u(47).
7
Let g(y) = -14208*y + 156354. Determine g(11).
66
Let d(c) = -1730*c - 5126. Give d(-3).
64
Let v(b) = 2*b**3 - 1347*b**2 - 2137426*b + 2849. Give v(1424).
1
Let t(p) = -880*p + 26428. Give t(30).
28
Let p(x) = 39802*x - 358229. Calculate p(9).
-11
Let k(o) = -o**2 + 48*o + 5578. Calculate k(-50).
678
Let x(c) = 743*c + 29687. Calculate x(-40).
-33
Let k(g) = -g**2 + 273*g - 14370. Calculate k(203).
-160
Let y(i) = -2*i**2 - 19*i + 8216. Calculate y(-69).
5
Let k(a) = 4*a**2 + 81*a - 286. Calculate k(4).
102
Let r(x) = -281*x + 663. What is r(6)?
-1023
Let q(j) = j**2 + 2682*j - 62272. Determine q(23).
-57
Let d(l) = -l**2 + 78*l + 204. What is d(89)?
-775
Let p(w) = 11893*w - 2009951. Give p(169).
-34
Let p(v) = -5269*v + 216360. Determine p(41).
331
Let t(k) = 2017*k - 278345. Give t(138).
1
Let p(i) = -225*i - 9707. Give p(-44).
193
Let g(h) = -3*h**3 + 39*h**2 - 155*h + 10. Determine g(6).
-164
Let a(u) = -71619*u + 1217440. What is a(17)?
-83
Let h(d) = -174*d + 65. Determine h(-4).
761
Let n(p) = 868*p + 6068. Give n(-7).
-8
Let s(t) = -t**2 - 36*t + 312. Calculate s(-39).
195
Let w(o) = -16*o**2 + 34*o + 666. Give w(-15).
-3444
Let q(o) = -2*o**3 + 57*o**2 - 315*o. What is q(21)?
0
Let q(v) = 1067*v - 3402. Give q(3).
-201
Let o(g) = 704*g**2 + 15509*g + 464. What is o(-22)?
2
Let v(u) = 26*u**3 - 2940*u**2 + 216*u + 1127. Give v(113).
-3
Let x(f) = f**3 - 474*f**2 + 5098*f - 2327. What is x(463)?
-12
Let m(c) = -c**3 - 26*c**2 + 63*c - 406. Determine m(-29).
290
Let z(l) = 14263*l + 228202. Give z(-16).
-6
Let l(s) = 398*s + 4995. Give l(-13).
-179
Let s(b) = -2993*b + 188564. Determine s(63).
5
Let u(t) = 9697*t + 310461. Determine u(-32).
157
Let c(u) = -u**3 - 762*u**2 - 2320*u - 32645. Calculate c(-759).
-8
Let h(p) = -7*p**2 + 1925*p + 3853. Calculate h(277).
-25
Let c(z) = -352142*z + 27819212. What is c(79)?
-6
Let v(g) = g**2 + 2944651*g - 17667940. Determine v(6).
2
Let z(k) = -57*k**2 + 407*k + 367. Calculate z(7).
423
Let g(o) = -20*o**2 - 67*o - 145. Calculate g(-6).
-463
Let j(u) = 10892*u - 1034840. Calculate j(95).
-100
Let f(u) = 63*u**2 + 786*u + 297. What is f(-13)?
726
Let j(p) = -p**3 + 3*p**2 + 696*p + 7512. Determine j(-11).
1550
Let m(f) = -41*f**2 + 17277*f - 108727. Determine m(415).
3
Let a(s) = -4665*s - 97969. Calculate a(-21).
-4
Let f(d) = -530789*d - 3715549. What is f(-7)?
-26
Let m(h) = 2*h**2 - 1977*h + 55663. Give m(29).
12
Let z(x) = 170*x**2 + 73*x - 72. What is z(1)?
171
Let r(l) = 3*l**2 + 148*l + 162. Calculate r(-49).
113
Let t(n) = n**2 + 119*n - 1724. Determine t(13).
-8
Let w(f) = -160*f - 4456. What is w(-15)?
-2056
Let a(r) = -31169*r - 67. Calculate a(0).
-67
Let s(t) = -t**2 + 27621*t + 248666. What is s(-9)?
-4
Let r(z) = z**2 - 27*z + 112. Give r(39).
580
Let x(o) = 193*o + 10410. Calculate x(-54).
-12
Let c(b) = 82*b**2 + 566*b - 173. Determine c(-8).
547
Let i(q) = -45569*q - 273431. Calculate i(-6).
-17
Let j(y) = -8*y**3 - 113*y**2 + 99*y + 98. Determine j(-15).
188
Let x(s) = 101*s - 2091. What is x(36)?
1545
Let f(q) = 1800*q + 51826. Give f(-29).
-374
Let w(t) = -2151*t + 8917. Determine w(4).
313
Let g(n) = 454*n + 153445. Give g(-339).
-461
Let m(j) = j**3 + 2*j**2 - 849*j - 10092. Calculate m(-17).
6
Let z(n) = -2279*n - 394285. Determine z(-173).
-18
Let h(m) = m**3 + 104*m**2 + 2647*m - 466. Calculate h(-59).
6
Let l(d) = -77681*d - 233037. Determine l(-3).
6
Let v(g) = -10*g**2 - 117*g + 2849. Calculate v(23).
-5132
Let o(d) = 7*d**3 + 153*d**2 - 139*d + 986. Determine o(-23).
-49
Let n(m) = m**3 + 1576*m**2 + 90825*m - 204660. Calculate n(-1516).
0
Let s(k) = -911*k**2 + 2839*k - 9. Determine s(3).
309
Let o(l) = 11002*l**2 + 110019*l + 52. Determine o(-10).
62
Let h(l) = -15196*l - 562254. What is h(-37)?
-2
Let y(s) = -25*s**2 - 1447*s - 16488. What is y(-15)?
-408
Let z(l) = -3*l**2 - 534*l + 6233. Calculate z(-189).
-4
Let o(l) = 272932*l - 272839. Determine o(1).
93
Let y(t) = -65*t**2 + 1250*t - 224. Give y(19).
61
Let v(m) = m**2 + 2256*m - 1703346. What is v(597)?
-105
Let r(z) = -z**3 - 27*z**2 - 149*z + 30. Determine r(-21).
513
Let d(c) = -727*c - 203735. Determine d(-280).
-175
Let z(x) = 786*x - 166577. Determine z(212).
55
Let o(t) = -t**3 - 516*t**2 + 4717*t + 2694473. Calculate o(-515).
-7
Let a(u) = -u**2 + 256*u - 1525. What is a(250)?
-25
Let p(x) = 5*x**2 + 471*x - 5782. What is p(11)?
4
Let a(s) = -s**3 - 50*s**2 + 491*s + 972. Give a(-58).
-594
Let w(d) = 16432*d + 63775. Calculate w(-4).
-1953
Let h(x) = -3393*x - 9098. Calculate h(-2).
-2312
Let i(w) = 597*w - 5111. Determine i(9).
262
Let u(a) = -a**2 - 1043*a + 775610. Determine u(502).
20
Let k(s) = -13*s**2 + 250*s + 517. Calculate k(21).
34
Let h(w) = w**2 - 52*w + 373. Determine h(48).
181
Let j(u) = -u**2 - 4373*u - 309730. Calculate j(-72).
-58
Let k(x) = -x**3 - 343*x**2 + 2097*x - 592. Give k(-349).
-1639
Let a(j) = -8855*j + 16353. Calculate a(2).
-1357
Let o(q) = -4*q**2 - 80*q + 1795. Give o(-34).
-109
Let s(m) = m**3 + 28*m**2 - 225*m - 6283. Determine s(-28).
17
Let p(s) = -76584*s + 76580. Determine p(1).
-4
Let c(u) = -3*u**3 + 15*u**2 + 9*u - 467. What is c(-6)?
667
Let f(v) = 29*v**2 - 1383*v + 8252. Calculate f(6).
998
Let v(b) = -3*b**2 + 181*b + 3771. What is v(68)?
2207
Let z(h) = -6*h**3 + 25*h**2 + 43*h - 279. Calculate z(6).
-417
Let f(h) = -41*h**3 + 23*h**2 + 74*h + 51. Calculate f(-1).
41
Let z(o) = -240495*o - 1. Give z(0).
-1
Let o(x) = -x**3 + 5000*x**2 + 125602*x - 564. What is o(-25)?
11
Let o(x) = -3*x**2 - 80*x + 1120. What is o(11)?
-123
Let y(v) = 2*v**2 - 588*v - 4031. What is y(-7)?
183
Let a(p) = 725*p - 20258. Determine a(27).
-683
Let x(z) = 9576*z + 13607471. What is x(-1421)?
-25
Let p(h) = -14514*h - 6792572. Calculate p(-468).
-20
Let o(d) = 50*d**2 - 2285*d - 2285. Determine o(-1).
50
Let f(q) = -q**2 - 5381*q + 200605. What is f(37)?
139
Let x(k) = -k**2 + 886*k + 136674. Give x(-134).
-6
Let q(t) = 362638*t + 3989023. Give q(-11).
5
Let f(w) = w**2 + 187*w + 3455. Calculate f(-20).
115
Let w(o) = -725*o + 113747. Give w(157).
-78
Let i(j) = -13*j**2 - 116*j + 1052. Determine i(10).
-1408
Let j(o) = -26*o**3 + 50282*o**2 + 3886*o - 34820. Give j(1934).
-8
Let o(r) = -14*r**2 - 8611*r + 16643. Determine o(-617).
-16
Let r(u) = -152*u**2 + 5027*u - 227. Determine r(33).
136
Let m(g) = -3725*g + 3800. Determine m(1).
75
Let i(w) = -369*w - 5541. Calculate i(-7).
-2958
Let y(j) = 28*j**3 - 531*j**2 - 148*j + 2452. What is y(19)?
1
Let y(w) = -3*w**2 + 193*w - 1240. Determine y(56).
160
Let p(o) = -o**3 + o**2 + 35*o - 87. Give p(11).
-912
Let u(z) = -41*z + 5022. Calculate u(127).
-185
Let s(o) = o**2 - 507*o - 45488. What is s(-77)?
-520
Let y(d) = -2*d**3 - 123*d**2 - 176*d - 382. Determine y(-60).
-622
Let h(d) = 3367*d + 171678. Give h(-51).
-39
Let p(h) = -h**3 - 26*h**2 + 94*h + 2997. Calculate p(-25).
22
Let k(m) = -5*m**3 - 120*m**2 + 919*m + 5272. Determine k(-4).
-4
Let g(w) = 5071*w - 167349. Determine g(33).
-6
Let a(c) = -c**3 + 67*c**2 + 131*c + 4784. Calculate a(70).
-746
Let q(r) = 9*r**2 - 36*r + 232. What is q(3)?
205
Let h(m) = -273341*m - 2733412. Determine h(-10).
-2
Let y(s) = -623*s + 29824. Calculate y(48).
-80
Let p(x) = 41*x**3 - 35*x**2 - 55*x - 12. Calculate p(-2).
-370
Let d(c) = -2416*c - 34633. Determine d(-14).
-809
Let f(m) = -5271*m + 632526. What is f(120)?
6
Let v(g) = -545*g - 641. Calculate v(2).
-1731
Let a(q) = 25*q**2 + 14*q - 67. Determine a(-6).
749
Let s(r) = 6*r**2 + 986*r + 20897. Give s(-25).
-3
Let k(i) = -i**3 + 15*i**2 + 947*i - 14909. Give k(16).
-13
Let l(h) = 2*h**3 + 16*h**2 + 445*h + 2522. Calculate l(-6).
-4
Let r(m) = m**3 - 52*m**2 - 3*m + 2757. Calculate r(51).
3
Let z(q) = -457*q**2 + 2254*q + 14. Determine z(5).
-141
Let h(a) = -a**2 + 505*a + 48. Give h(0).
48
Let s(h) = 13*h**2 - 355*h + 2704. Give s(8).
696
Let a(v) = 22*v**3 + 3013*v**2 + 453*v + 80834. Determine a(-137).
4
Let g(z) = -7*z**3 - 126*z**2 - 384*z - 4. Give g(-3).
203
Let m(c) = 12*c**2 + 430*c - 10786. Calculate m(17).
-8
Let l